{"id":1364,"date":"2022-01-06T02:53:16","date_gmt":"2022-01-06T02:53:16","guid":{"rendered":"https:\/\/ucal.edu.pe\/blog\/inicio\/"},"modified":"2025-11-11T21:46:09","modified_gmt":"2025-11-11T21:46:09","slug":"inicio","status":"publish","type":"page","link":"https:\/\/ucal.edu.pe\/blog\/","title":{"rendered":"Inicio"},"content":{"rendered":"","protected":false},"excerpt":{"rendered":"","protected":false},"author":1,"featured_media":0,"parent":0,"menu_order":0,"comment_status":"closed","ping_status":"closed","template":"","meta":{"footnotes":""},"class_list":["post-1364","page","type-page","status-publish","hentry"],"yoast_head":"<!-- This site is optimized with the Yoast SEO plugin v25.1 - https:\/\/yoast.com\/wordpress\/plugins\/seo\/ -->\n<title>Blog UCAL | Creatividad, innovaci\u00f3n y tendencias en educaci\u00f3n superior.<\/title>\n<meta name=\"description\" content=\"Explora el blog de UCAL y descubre art\u00edculos sobre creatividad, dise\u00f1o, cine, innovaci\u00f3n educativa, vida universitaria y consejos para tu futuro profesional.\" \/>\n<meta name=\"robots\" content=\"index, follow, max-snippet:-1, max-image-preview:large, max-video-preview:-1\" \/>\n<link rel=\"canonical\" href=\"https:\/\/ucal.edu.pe\/blog\/\" \/>\n<meta property=\"og:locale\" content=\"es_ES\" \/>\n<meta property=\"og:type\" content=\"article\" \/>\n<meta property=\"og:title\" content=\"Blog UCAL | Creatividad, innovaci\u00f3n y tendencias en educaci\u00f3n superior.\" \/>\n<meta property=\"og:description\" content=\"Explora el blog de UCAL y descubre art\u00edculos sobre creatividad, dise\u00f1o, cine, innovaci\u00f3n educativa, vida universitaria y consejos para tu futuro profesional.\" \/>\n<meta property=\"og:url\" content=\"https:\/\/ucal.edu.pe\/blog\/\" \/>\n<meta property=\"og:site_name\" content=\"Blog UCAL\" \/>\n<meta property=\"article:modified_time\" content=\"2025-11-11T21:46:09+00:00\" \/>\n<meta property=\"og:image\" content=\"https:\/\/ucal.edu.pe\/blog\/wp-content\/uploads\/2022\/11\/UCAL-BANNER-1_1.jpg.webp\" \/>\n\t<meta property=\"og:image:width\" content=\"1200\" \/>\n\t<meta property=\"og:image:height\" content=\"400\" \/>\n\t<meta property=\"og:image:type\" content=\"image\/webp\" \/>\n<meta name=\"twitter:card\" content=\"summary_large_image\" \/>\n<meta name=\"twitter:title\" content=\"Blog UCAL | Creatividad, innovaci\u00f3n y tendencias en educaci\u00f3n superior.\" \/>\n<meta name=\"twitter:description\" content=\"Explora el blog de UCAL y descubre art\u00edculos sobre creatividad, dise\u00f1o, cine, innovaci\u00f3n educativa, vida universitaria y consejos para tu futuro profesional.\" \/>\n<meta name=\"twitter:image\" content=\"https:\/\/ucal.edu.pe\/blog\/wp-content\/uploads\/2022\/11\/UCAL-BANNER-1_1.jpg.webp\" \/>\n<meta name=\"twitter:label1\" content=\"Tiempo de lectura\" \/>\n\t<meta name=\"twitter:data1\" content=\"4 minutos\" \/>\n<script type=\"application\/ld+json\" class=\"yoast-schema-graph\">{\"@context\":\"https:\/\/schema.org\",\"@graph\":[{\"@type\":\"WebPage\",\"@id\":\"https:\/\/ucal.edu.pe\/blog\/\",\"url\":\"https:\/\/ucal.edu.pe\/blog\/\",\"name\":\"Blog UCAL | Creatividad, innovaci\u00f3n y tendencias en educaci\u00f3n superior.\",\"isPartOf\":{\"@id\":\"https:\/\/ucal.edu.pe\/blog\/#website\"},\"datePublished\":\"2022-01-06T02:53:16+00:00\",\"dateModified\":\"2025-11-11T21:46:09+00:00\",\"description\":\"Explora el blog de UCAL y descubre art\u00edculos sobre creatividad, dise\u00f1o, cine, innovaci\u00f3n educativa, vida universitaria y consejos para tu futuro profesional.\",\"breadcrumb\":{\"@id\":\"https:\/\/ucal.edu.pe\/blog\/#breadcrumb\"},\"inLanguage\":\"es\",\"potentialAction\":[{\"@type\":\"ReadAction\",\"target\":[\"https:\/\/ucal.edu.pe\/blog\/\"]}]},{\"@type\":\"BreadcrumbList\",\"@id\":\"https:\/\/ucal.edu.pe\/blog\/#breadcrumb\",\"itemListElement\":[{\"@type\":\"ListItem\",\"position\":1,\"name\":\"Home\",\"item\":\"https:\/\/ucal.edu.pe\/blog\/\"},{\"@type\":\"ListItem\",\"position\":2,\"name\":\"Inicio\"}]},{\"@type\":\"WebSite\",\"@id\":\"https:\/\/ucal.edu.pe\/blog\/#website\",\"url\":\"https:\/\/ucal.edu.pe\/blog\/\",\"name\":\"Blog UCAL\",\"description\":\"\",\"potentialAction\":[{\"@type\":\"SearchAction\",\"target\":{\"@type\":\"EntryPoint\",\"urlTemplate\":\"https:\/\/ucal.edu.pe\/blog\/?s={search_term_string}\"},\"query-input\":{\"@type\":\"PropertyValueSpecification\",\"valueRequired\":true,\"valueName\":\"search_term_string\"}}],\"inLanguage\":\"es\"}]}<\/script>\n<!-- \/ Yoast SEO plugin. -->","yoast_head_json":{"title":"Blog UCAL | Creatividad, innovaci\u00f3n y tendencias en educaci\u00f3n superior.","description":"Explora el blog de UCAL y descubre art\u00edculos sobre creatividad, dise\u00f1o, cine, innovaci\u00f3n educativa, vida universitaria y consejos para tu futuro profesional.","robots":{"index":"index","follow":"follow","max-snippet":"max-snippet:-1","max-image-preview":"max-image-preview:large","max-video-preview":"max-video-preview:-1"},"canonical":"https:\/\/ucal.edu.pe\/blog\/","og_locale":"es_ES","og_type":"article","og_title":"Blog UCAL | Creatividad, innovaci\u00f3n y tendencias en educaci\u00f3n superior.","og_description":"Explora el blog de UCAL y descubre art\u00edculos sobre creatividad, dise\u00f1o, cine, innovaci\u00f3n educativa, vida universitaria y consejos para tu futuro profesional.","og_url":"https:\/\/ucal.edu.pe\/blog\/","og_site_name":"Blog UCAL","article_modified_time":"2025-11-11T21:46:09+00:00","og_image":[{"width":1200,"height":400,"url":"https:\/\/ucal.edu.pe\/blog\/wp-content\/uploads\/2022\/11\/UCAL-BANNER-1_1.jpg.webp","type":"image\/webp"}],"twitter_card":"summary_large_image","twitter_title":"Blog UCAL | Creatividad, innovaci\u00f3n y tendencias en educaci\u00f3n superior.","twitter_description":"Explora el blog de UCAL y descubre art\u00edculos sobre creatividad, dise\u00f1o, cine, innovaci\u00f3n educativa, vida universitaria y consejos para tu futuro profesional.","twitter_image":"https:\/\/ucal.edu.pe\/blog\/wp-content\/uploads\/2022\/11\/UCAL-BANNER-1_1.jpg.webp","twitter_misc":{"Tiempo de lectura":"4 minutos"},"schema":{"@context":"https:\/\/schema.org","@graph":[{"@type":"WebPage","@id":"https:\/\/ucal.edu.pe\/blog\/","url":"https:\/\/ucal.edu.pe\/blog\/","name":"Blog UCAL | Creatividad, innovaci\u00f3n y tendencias en educaci\u00f3n superior.","isPartOf":{"@id":"https:\/\/ucal.edu.pe\/blog\/#website"},"datePublished":"2022-01-06T02:53:16+00:00","dateModified":"2025-11-11T21:46:09+00:00","description":"Explora el blog de UCAL y descubre art\u00edculos sobre creatividad, dise\u00f1o, cine, innovaci\u00f3n educativa, vida universitaria y consejos para tu futuro profesional.","breadcrumb":{"@id":"https:\/\/ucal.edu.pe\/blog\/#breadcrumb"},"inLanguage":"es","potentialAction":[{"@type":"ReadAction","target":["https:\/\/ucal.edu.pe\/blog\/"]}]},{"@type":"BreadcrumbList","@id":"https:\/\/ucal.edu.pe\/blog\/#breadcrumb","itemListElement":[{"@type":"ListItem","position":1,"name":"Home","item":"https:\/\/ucal.edu.pe\/blog\/"},{"@type":"ListItem","position":2,"name":"Inicio"}]},{"@type":"WebSite","@id":"https:\/\/ucal.edu.pe\/blog\/#website","url":"https:\/\/ucal.edu.pe\/blog\/","name":"Blog UCAL","description":"","potentialAction":[{"@type":"SearchAction","target":{"@type":"EntryPoint","urlTemplate":"https:\/\/ucal.edu.pe\/blog\/?s={search_term_string}"},"query-input":{"@type":"PropertyValueSpecification","valueRequired":true,"valueName":"search_term_string"}}],"inLanguage":"es"}]}},"_links":{"self":[{"href":"https:\/\/ucal.edu.pe\/blog\/wp-json\/wp\/v2\/pages\/1364","targetHints":{"allow":["GET"]}}],"collection":[{"href":"https:\/\/ucal.edu.pe\/blog\/wp-json\/wp\/v2\/pages"}],"about":[{"href":"https:\/\/ucal.edu.pe\/blog\/wp-json\/wp\/v2\/types\/page"}],"author":[{"embeddable":true,"href":"https:\/\/ucal.edu.pe\/blog\/wp-json\/wp\/v2\/users\/1"}],"replies":[{"embeddable":true,"href":"https:\/\/ucal.edu.pe\/blog\/wp-json\/wp\/v2\/comments?post=1364"}],"version-history":[{"count":59,"href":"https:\/\/ucal.edu.pe\/blog\/wp-json\/wp\/v2\/pages\/1364\/revisions"}],"predecessor-version":[{"id":2000,"href":"https:\/\/ucal.edu.pe\/blog\/wp-json\/wp\/v2\/pages\/1364\/revisions\/2000"}],"wp:attachment":[{"href":"https:\/\/ucal.edu.pe\/blog\/wp-json\/wp\/v2\/media?parent=1364"}],"curies":[{"name":"wp","href":"https:\/\/api.w.org\/{rel}","templated":true}]}}